60a604
In base 3, what is 202 + 100021021102?
100021022011
In base 9, what is -132 - -644085?
643853
In base 16, what is -16c1286 + -2?
-16c1288
In base 10, what is 19393 + -21?
19372
In base 3, what is -210211010212 - 11011210?
-210222022122
In base 6, what is -5055522 + 1?
-5055521
In base 14, what is -26a0106 + -4?
-26a010a
In base 8, what is -106565123 - -5?
-106565116
In base 10, what is -60690 - 302?
-60992
In base 8, what is 22122 + 3013?
25135
In base 12, what is 366650 - -2?
366652
In base 3, what is -110201102 - -10001011?
-100200021
In base 3, what is 122110202220220 + -1?
122110202220212
In base 9, what is 652170425 + -4?
652170421
In base 2, what is 10110101111101000001011100 - 10?
10110101111101000001011010
In base 10, what is 283 + -194665?
-194382
In base 10, what is 641957 + -7?
641950
In base 12, what is 241 - 86407?
-86186
In base 12, what is -327249b - 10?
-32724ab
In base 13, what is -170 + 2862c2?
286152
In base 4, what is -221221 - -1001203?
113322
In base 7, what is -21011 - 555?
-21566
In base 4, what is -32301 - 1013233031?
-1013331332
In base 6, what is -1 + 143045104?
143045103
In base 15, what is -6 - -61ce3?
61cdc
In base 3, what is 11010 - 11001001121021?
-11001001110011
In base 14, what is -485 + 1a0ba?
19a35
In base 5, what is 1334133 - 114023?
1220110
In base 7, what is -23 + 14163062?
14163036
In base 4, what is -13313 + 312110212?
312030233
In base 8, what is -11662 + -3621?
-15503
In base 7, what is 5 + 2143600122?
2143600130
In base 15, what is b9156 + 5?
b915b
In base 3, what is -1101021121 - -221201?
-1100022220
In base 5, what is 133133041 + 102?
133133143
In base 14, what is -12c509 + -2?
-12c50b
In base 7, what is -24521 - 115566?
-143420
In base 13, what is 7 + -88a37?
-88a30
In base 9, what is 10402 - 21740?
-11337
In base 15, what is 81dd - -19?
8207
In base 13, what is -abb6 + 8c6?
-a2c0
In base 5, what is 231044012 + 24?
231044041
In base 5, what is 1404222 - -144212?
2103434
In base 10, what is -778 + 110334?
109556
In base 15, what is 12 + 1a82ce?
1a82e1
In base 6, what is -4 - -150021200?
150021152
In base 8, what is -1 - 31353500?
-31353501
In base 3, what is -22220112022010211000 + 11?
-22220112022010210212
In base 13, what is 34 + 59348b1?
5934915
In base 16, what is a6fd3 - b8?
a6f1b
In base 4, what is -3020 - -101111331120?
101111322100
In base 2, what is 10101110 + 100011001100011111001?
100011001100110100111
In base 10, what is 115626 - -33?
115659
In base 14, what is 2d07d + 5d5?
2d674
In base 2, what is 11 - -10001011010111000011010110?
10001011010111000011011001
In base 16, what is 17 - -29735?
2974c
In base 7, what is 1100 - 54322?
-53222
In base 4, what is -13 - 100200023?
-100200102
In base 2, what is 110001001101101111 + -10?
110001001101101101
In base 5, what is 10212132 + 101?
10212233
In base 12, what is a07004 - -23?
a07027
In base 5, what is 21001334330201 + -2?
21001334330144
In base 8, what is -6166 + 3166?
-3000
In base 11, what is 50aa + -528a?
-190
In base 15, what is -1 - d159a4?
-d159a5
In base 10, what is 44393 - 154?
44239
In base 8, what is 355 - 4116340?
-4115763
In base 9, what is 526 + -28248?
-27622
In base 10, what is 978253829 - 4?
978253825
In base 9, what is 1 - 2834502?
-2834501
In base 8, what is -2427134 - -2?
-2427132
In base 13, what is -5259 - 36a3?
-892c
In base 7, what is -12621 - 6305?
-22226
In base 10, what is -22094095 - -7?
-22094088
In base 4, what is -213230202110131 - 11?
-213230202110202
In base 3, what is -11 + -2001010012001?
-2001010012012
In base 2, what is -1100010110001101110 - 110011?
-1100010110010100001
In base 4, what is 1321031112 + 3?
1321031121
In base 2, what is 1001101100 + 111110011000000001?
111110100001101101
In base 15, what is 49080 - 354?
48c2b
In base 6, what is -1322014 - 443?
-1322501
In base 7, what is -323 + -130044?
-130400
In base 16, what is -db8 + 1764?
9ac
In base 16, what is -2a775f - -8d?
-2a76d2
In base 6, what is -4 + -200210203?
-200210211
In base 3, what is 1121011100000 + -1022?
1121011021201
In base 2, what is 1011110111010110111001000 - 101110?
1011110111010110110011010
In base 12, what is 287927b1a + -2?
287927b18
In base 7, what is -2033615 + -101?
-2034016
In base 2, what is 100110101 - -10101111100000?
10110100010101
In base 10, what is -783221 - -4?
-783217
In base 16, what is e8c + 135a?
21e6
In base 12, what is -4724577 + 5?
-4724572
In base 3, what is -100002221111021 - 120?
-100002221111211
In base 2, what is -1000101011 + 10110101101011010011?
10110101100010101000
In base 15, what is 14e + 298d1?
29a30
In base 10, what is -310993 + -295?
-311288
In base 13, what is -50caa6 - 28?
-50cb01
In base 14, what is 17 + 2a8c52?
2a8c69
In base 14, what is -2 - 33339b?
-33339d
In base 5, what is -2134 - -232344403?
232342214
In base 5, what is 0 - -1322312234?
1322312234
In base 7, what is -341 - 62252?
-62623
In base 10, what is 44 + 5268143?
5268187
In base 16, what is 5b6bd + -48?
5b675
In base 16, what is -10 + 79512?
79502
In base 6, what is 20104 - -153431?
213535
In base 15, what is 21 + -953e32?
-953e11
In base 7, what is 11041 + 22301?
33342
In base 11, what is -2a4a + -3a6?
-3345
In base 9, what is 17 - -17717528?
17717546
In base 6, what is 103 - -2541230?
2541333
In base 7, what is -42055302305 + -3?
-42055302311
In base 10, what is -222102 + -17?
-222119
In base 13, what is 68c + -a5?
5b7
In base 6, what is 1525 + -312521?
-310552
In base 15, what is 1d + 28ca94?
28cab2
In base 2, what is -10010 - 1001001010100101010?
-1001001010100111100
In base 14, what is 111cc - 9c?
11130
In base 6, what is 122141200 - -15?
122141215
In base 10, what is 4492811 + -15?
4492796
In base 10, what is -7 - -3328655?
3328648
In base 16, what is 14f7c3fd - -4?
14f7c401
In base 14, what is 14b79092 + 2?
14b79094
In base 9, what is 706 - 15770?
-15063
In base 3, what is -2 + 200210102211001110?
200210102211001101
In base 10, what is 2450228 + -32?
2450196
In base 8, what is -725252 + -52?
-725324
In base 13, what is -5c980 - 643?
-602c3
In base 11, what is 7210 + 19697?
258a7
In base 9, what is 43542 + -115?
43426
In base 7, what is 1123360 - -16001?
1142361
In base 3, what is -20011011011021 + -2200?
-20011011020221
In base 15, what is 5 - 1ee2712?
-1ee270c
In base 7, what is 422534 - 130?
422404
In base 7, what is -2064 + 44144?
42050
In base 2, what is 101 - -110001000010001001011001010?
110001000010001001011001111
In base 9, what is 647 + 546400?
547147
In base 4, what is 200 - 20123301003?
-20123300203
In base 8, what is -32 + -1043363?
-1043415
In base 6, what is -45 + -1002512110?
-1002512155
In base 13, what is -3a1c35c - -2?
-3a1c35a
In base 3, what is 0 + 110201001022111?
110201001022111
In base 14, what is 96 + 10660?
10716
In base 13, what is -218 - -1b9?
-2c
In base 5, what is 212 + 113444332?
114000044
In base 2, what is 1110110101000 - -11011010111?
10010001111111
In base 9, what is -6157 - -87734?
81566
In base 3, what is -100211112001020 + -12?
-100211112001102
In base 4, what is -31103030333 + 10?
-31103030323
In base 9, what is 61085 + 83?
61178
In base 6, what is 5542503 + 11054?
5554001
In base 16, what is -267c7d8 - 3?
-267c7db
In base 11, what is -18 - -68540a?
6853a2
In base 12, what is 30541 - -4?
30545
In base 11, what is -18 + 149805?
149798
In base 3, what is -10 + 222000222222212?
222000222222202
In base 6, what is 0 - 134514455?
-134514455
In base 12, what is -3 + -37400780?
-37400783
In base 4, what is 120233322103 + -103?
120233322000
In base 6, what is -400 + -1253513?
-1254313
In base 16, what is 47 + -7c8af?
-7c868
In base 11, what is -a71 + -38645?
-39606
In base 11, what is 9 - -1a0a96?
1a0aa4
In base 6, what is -11155 - 20534?
-32133
In base 12, what is 193b40a - 6?
193b404
In base 7, what is -2 + 12301044?
12301042
In base 10, what is 39510 - -1111?
40621
In base 2, what is 1011110010111101010000011 + -1?
1011110010111101010000010
In base 8, what is -12444 - 131?
-12575
In base 13, what is -4 + -15333415?
-15333419
In base 7, what is -50321663 + -20?
-50322013
In base 11, what is -a0a - 81012?
-81a21
In base 14, what is -144dcd39 - 6?
-144dcd41
In base 10, what is -4 + 3987557?
3987553
In base 10, what is -41 + 467097?
467056
In base 9, what is -1126 - -42872?
41745
In